13. What is q(-10)?
-33
Let c(u) = u**2 + 4*u + 6. Give c(0).
6
Let c(z) = 2*z**2 - 4*z + 6. Calculate c(4).
22
Let p(o) = o**3 + 56*o**2 + 109*o + 61. Calculate p(-54).
7
Let u(l) = 3*l - 1. What is u(-6)?
-19
Let d(c) = c**2 - 4*c - 13. What is d(6)?
-1
Let y(m) = -25*m**3 + m**2 + m + 1. Determine y(-1).
26
Let f(d) = 182*d + 719. What is f(-4)?
-9
Let q(s) = -s**2 + 15*s + 122. What is q(20)?
22
Let z(b) = -b + 8. Give z(0).
8
Let t(m) = -18*m - 179. Determine t(-10).
1
Let q(i) = i**2 + 2*i + 3. Calculate q(-4).
11
Let s(u) = -14*u**3 - u**2. Calculate s(1).
-15
Let i(w) = w**2 - 11*w - 7. Give i(13).
19
Let j(a) = -a**3 + 19*a**2 + 41*a + 16. Calculate j(21).
-5
Let q(p) = -3*p - 23. What is q(-7)?
-2
Let r(u) = -u**3 + 5*u**2 - 6*u + 6. What is r(5)?
-24
Let u(l) = -31*l - 151. Calculate u(-5).
4
Let n(w) = -w**2 + 4*w + 23. Give n(-10).
-117
Let a(i) = i**2 + 8*i - 37. Calculate a(-11).
-4
Let i(m) = 11*m - 210. What is i(17)?
-23
Let k(j) = -4*j + 27. Calculate k(6).
3
Let v(b) = -b**3 + 13*b**2 - 10*b - 11. Give v(11).
121
Let x(g) = -g**2 + 9*g - 8. What is x(1)?
0
Let t(a) = -18*a - 203. What is t(-12)?
13
Let w(u) = -u**3 + 5*u**2 + 3. Give w(3).
21
Let k(l) = 11*l**3 - 2*l**2 + 6*l - 4. Calculate k(2).
88
Let k(l) = -l**2 + 19*l - 10. Give k(19).
-10
Let b(d) = d - 8. What is b(-13)?
-21
Let l(k) = k**3 - 12*k**2 + 17*k + 7. What is l(10)?
-23
Let u(b) = 9*b - 28. What is u(8)?
44
Let f(l) = -7*l + 59. What is f(27)?
-130
Let q(f) = -f**2 - 14*f + 6. Determine q(-15).
-9
Let a(q) = 21*q - 2. What is a(1)?
19
Let b(o) = 2*o**3 - 59*o**2 + 27*o + 49. Determine b(29).
-9
Let j(b) = 11*b + 2. Determine j(-1).
-9
Let p(x) = x**2 - 13*x - 11. Calculate p(14).
3
Let p(w) = 3*w**2 - 5*w - 6. Calculate p(-6).
132
Let m(v) = v**3 + 8*v**2 - 7*v - 9. Calculate m(-9).
-27
Let a(b) = -6*b**2 - 59*b - 21. What is a(-10)?
-31
Let z(h) = -h**2 - 3. Determine z(-3).
-12
Let u(d) = -2*d**3 - 18*d**2 - d - 12. Determine u(-9).
-3
Let k(t) = t**2 + 3*t - 4. Determine k(-5).
6
Let y(l) = l**3 - 2*l**2 - 3*l + 13. Give y(0).
13
Let d(b) = 2*b**2 + 4*b. Give d(-3).
6
Let b(j) = j**2 - 18*j + 11. Give b(17).
-6
Let i(n) = n**3 + 3*n**2 - n - 2. Determine i(-5).
-47
Let w(b) = -b**2 + 32*b - 85. Give w(28).
27
Let g(u) = 2*u**3 + 22*u**2 + 9*u + 43. What is g(-11)?
-56
Let k(j) = -4*j - 1. Determine k(-1).
3
Let k(i) = i + 5. What is k(4)?
9
Let i(y) = y**3 - y**2 + y - 1. Determine i(3).
20
Let w(i) = -i**3 + 6*i**2 + 2*i - 3. Determine w(7).
-38
Let a(n) = -n**2 + 15*n + 5. Give a(7).
61
Let u(h) = -2*h**2 + 5*h + 7. Calculate u(6).
-35
Let m(o) = -4*o + 18. What is m(-13)?
70
Let h(x) = x**2 + 12*x + 21. Calculate h(-10).
1
Let c(t) = -t**3 - t**2 - 3*t - 8. Give c(0).
-8
Let s(r) = -r**2 - 23*r + 43. Calculate s(-26).
-35
Let y(m) = -15*m**2 + 5*m - 1. Determine y(1).
-11
Let d(r) = -r + 17. Give d(19).
-2
Let a(d) = 2*d - 14. Calculate a(2).
-10
Let x(w) = -w - 25. Determine x(-19).
-6
Let y(x) = -x**2 - 23*x + 53. Determine y(-25).
3
Let f(o) = -o - 12. Give f(-11).
-1
Let c(f) = 29*f**2 - 2*f - 1. What is c(-1)?
30
Let c(h) = -h**3 - 4*h**2 + 2*h - 7. Calculate c(-5).
8
Let x(r) = -6*r - 58. Calculate x(-11).
8
Let m(i) = 13*i - 27. What is m(3)?
12
Let u(w) = -w**2 + 7*w - 2. Give u(8).
-10
Let v(a) = -10*a + 104. Determine v(11).
-6
Let m(u) = 2*u - 73. Determine m(35).
-3
Let g(p) = -3*p**2 + 25*p - 26. Give g(7).
2
Let p(a) = 8*a**3 + 2*a**2 - 2. What is p(-2)?
-58
Let n(k) = k - 9. Calculate n(6).
-3
Let s(i) = -2*i**2 - 37*i - 20. Give s(-18).
-2
Let q(j) = j**3 - 22*j**2 - j + 24. Calculate q(22).
2
Let s(u) = u**2 + 10*u - 7. Determine s(-10).
-7
Let w(k) = k**3 + 5*k**2 - 8*k + 4. Give w(-6).
16
Let f(k) = k**3 - 11*k**2 + 31*k - 6. Determine f(4).
6
Let n(y) = y**2 + 4*y - 11. Calculate n(-8).
21
Let y(a) = -a**2 + 44*a - 152. Give y(40).
8
Let i(w) = -8*w**3 - 2*w - 1. Determine i(-1).
9
Let p(f) = -2*f**2 + 6*f + 7. Calculate p(5).
-13
Let s(b) = 3*b + 8. Calculate s(-4).
-4
Let o(n) = -n**3 - 19*n**2 + 40*n - 29. Determine o(-21).
13
Let v(c) = 3*c - 15. Give v(-4).
-27
Let i(f) = -f**3 - f**2 + 2*f - 3. What is i(0)?
-3
Let n(f) = f + 11. What is n(-10)?
1
Let l(q) = -q**3 - 7*q**2 - q - 3. Calculate l(-3).
-36
Let i(j) = 9*j - 7. Give i(-3).
-34
Let s(d) = 2*d**2 + 37*d + 22. Determine s(-17).
-29
Let g(t) = t**2 + 6*t + 9. Give g(-8).
25
Let z(b) = 2*b**3 - 2*b**2 + 1. Determine z(1).
1
Let w(t) = 4*t**2 + 17*t - 5. Give w(-4).
-9
Let j(z) = z**3 + 5*z**2 - 4. What is j(-5)?
-4
Let b(g) = g**3 - 4*g**2 - g - 13. What is b(5)?
7
Let l(v) = -v**2 + 9*v + 5. What is l(9)?
5
Let z(v) = v - 3. Determine z(-2).
-5
Let z(g) = g**3 + 3*g**2 - 2*g - 2. Give z(-2).
6
Let c(p) = 5*p - 14. Calculate c(0).
-14
Let x(s) = s**3 + 4*s**2 - 10*s + 10. What is x(-6)?
-2
Let n(s) = s**2 + 18*s - 22. Determine n(-19).
-3
Let d(p) = 12*p - 14. What is d(3)?
22
Let v(z) = -5*z**2 - 165*z - 7. Calculate v(-33).
-7
Let m(x) = x**3 + 14*x**2 + 25*x + 17. Calculate m(-12).
5
Let d(j) = -j**2 + 25*j + 179. Calculate d(-6).
-7
Let h(u) = -u**3 - 4*u**2 + 5*u - 5. Determine h(-5).
-5
Let c(m) = m**3 - 9*m**2 + 19*m + 7. Calculate c(4).
3
Let f(m) = m**3 + 2*m**2 - 3*m + 8. What is f(-4)?
-12
Let x(d) = -d**3 + d**2 + 4*d - 1. Determine x(0).
-1
Let d(t) = -2*t**3 + 2*t**2 + 4*t + 3. Give d(-2).
19
Let i(m) = -5*m - 18. Determine i(-4).
2
Let i(h) = -h**3 - 4*h**2 + 4*h + 6. Give i(-4).
-10
Let a(h) = 7*h + 2. What is a(0)?
2
Let q(h) = -h**3 + 17*h**2 - 4*h + 77. What is q(17)?
9
Let n(w) = -6*w + 34. Determine n(-1).
40
Let l(n) = -n**3 - 16*n**2 - 6*n - 10. Calculate l(-16).
86
Let h(w) = 3*w + 18. Determine h(-13).
-21
Let o(x) = 26*x + 150. Give o(-6).
-6
Let h(j) = j**3 + 11*j**2 + 7*j - 33. What is h(-10)?
-3
Let u(c) = 28*c - 18. Calculate u(1).
10
Let q(z) = 4*z**2 - 121*z + 21. Determine q(30).
-9
Let q(u) = u**3 + 31*u**2 - 12*u - 373. What is q(-31)?
-1
Let l(a) = 2*a - 32. Determine l(18).
4
Let w(c) = 2*c**2 + 51*c - 136. What is w(-28)?
4
Let i(x) = -3*x + 12. Give i(-5).
27
Let p(u) = -4*u**3 - u - 1. What is p(-2)?
33
Let w(p) = -2*p**2 + 8*p + 191. Calculate w(-8).
-1
Let y(b) = b**3 - 7*b**2 + 7*b + 7. Calculate y(4).
-13
Let w(d) = -2*d**2 - 6*d + 5. What is w(-5)?
-15
Let j(g) = -6*g - 2. What is j(7)?
-44
Let a(x) = 70*x - 645. Determine a(9).
-15
Let k(w) = -w**3 - 6*w**2 + 22*w + 36. Calculate k(-8).
-12
Let q(x) = x**3 - 7*x**2 - 22*x + 21. Determine q(9).
-15
Let q(r) = -20*r**2 - 16*r - 17. Determine q(-1).
-21
Let y(l) = 33*l - 573. What is y(17)?
-12
Let t(f) = -18*f**2 - 17*f + 17. Determine t(1).
-18
Let a(r) = -r**3 - 5*r**2 - 5*r + 6. Calculate a(-4).
10
Let z(o) = -o**2 - 14*o + 35. Determine z(-15).
20
Let x(c) = -2*c**2 - 5*c - 3. Give x(-7).
-66
Let r(p) = p**3 - 4*p**2 - 4*p + 5. What is r(5)?
10
Let d(u) = u**2 - 2*u - 3. Give d(-2).
5
Let z(m) = 3*m**3 - 2*m**2 - m - 1. Calculate z(2).
13
Let g(v) = -v - 6. Give g(-12).
6
Let f(m) = m**3 + 29*m**2 + 141*m + 13. What is f(-6)?
-5
Let f(a) = -2*a**3 - 9*a**2 - 3*a + 7. Give f(-4).
3
Let i(s) = 2*s - 15. What is i(8)?
1
Let l(x) = -x**3 - 9*x**2 + 6*x + 12. Calculate l(-9).
-42
Let p(u) = -u**3 - 9*u**2 - 9*u + 2. What is p(-8)?
10
Let m(j) = -j**2 + 3*j + 9. What is m(5)?
-1
Let m(y) = 2*y - 10. Calculate m(10).
10
Let m(x) = x**3 + 21*x**2 + 59*x + 53. Calculate m(-18).
-37
Let a(r) = 3*r**2 + 9. What is a(0)?
9
Let l(k) = -35*k**2 + 2*k + 1. Give l(1).
-32
Let b(k) = 5*k**2 + 40*k - 7. Calculate b(-8).
-7
Let r(o) = -o**2 + 9*o + 8. Give r(7).
22
Let d(l) = 8*l - 1. Calculate d(2).
15
Let a(b) = 16*b + 979. Give a(-61).
3
Let g(x) = -x**3 - 17*x**2 + 16*x - 30. Determine g(-18).
6
Let f(a) = 2*a**2 + 18*a + 33. Determine f(-3).
-3
Let p(c) = -5*c - 13. Determine p(-14).
57
Let h(n) = n**3 + 7*n**2 + 6*n + 7. What is h(-6)?
7
Let v(z) = z + 15. Calculate v(-8).
7
Let f(k) = -k**2 + 10*k - 46. Calculate f(0).
-46
Let a(r) = -r**3 - 23*r**2 + 22*r - 44. What is a(-24)?
4
Let g(z) = 3*z**3 - 4*z - 1. Calculate g(-2).
-17
Let i(o) = -37*o - 41. Calculate i(-1).
-4
Let t(n) = n**2 - 15*n - 3. Determine t(16).
13
Let o(q) = -2*q + 7. Determine o(-3).
13
Let c(p) = 2*p - 11. What is c(-11)?
-33
Let m(i) = -i**3 + 11*i**2 - 11. Determine m(11).
-11
Let o(u) = -u**2 - 2*u + 7.